What is the highest common divisor of i and n?
8
Suppose -5*j = -2*h - 87, -3*h = -2*j + 22 + 4. Let k be (307 + 3)/2 + (-12)/4. What is the highest common divisor of k and j?
19
Let y be (-142)/(-4) - 2/(-4). Let x be (-288)/(-15) + (-4)/(-5). Let a be 0 - 1 - (7 - x). Calculate the highest common factor of a and y.
12
Let p be 15*(8/3)/1. What is the greatest common divisor of 16 and p?
8
Suppose l - 4 = 10. What is the highest common factor of l and 112?
14
Suppose 9 = t + 2*t, 4*s - 54 = -2*t. What is the greatest common divisor of 132 and s?
12
Let l(z) = -z**3 + 4*z**2 + 7*z + 1. Let v be l(5). Let x = -33 + 88. Calculate the highest common divisor of v and x.
11
Let t(k) = 4 - 9*k - k**2 - 4. Let y(l) = l**3 - 8*l**2 + 11*l + 2. Let s be y(6). Let d be t(s). What is the greatest common factor of d and 5?
5
Suppose -p + 220 = 4*p. Let x be -3*((-122)/3 - -4). What is the greatest common factor of p and x?
22
Suppose -5*r + 2*r + 15 = 0. Let n be (0 + 1)/(1/r). Let s be (96/(-15))/((-1)/n). What is the greatest common divisor of 80 and s?
16
Let r = 67 + -61. Calculate the greatest common divisor of 42 and r.
6
Let z = -1 - -2. Let w be z/(-1) - (-1 - 5). What is the highest common divisor of w and 5?
5
Let u(i) = -4*i - 1. Let m be u(-4). Calculate the highest common factor of m and 5.
5
Suppose 3*l - 154 = 26. Calculate the highest common factor of l and 20.
20
Let t = -12 - -16. Suppose 0 = 3*m - 4*z - 66, -2*m = -z - 40 - t. Calculate the highest common divisor of 55 and m.
11
Suppose 16 = a + a. Calculate the highest common divisor of 24 and a.
8
Let q = -44 + 98. Suppose -4*p - f + 22 = -q, -4*p + 3*f = -60. Calculate the greatest common divisor of 54 and p.
18
Suppose -3*d - 22 = -5*d + k, -2 = k. Calculate the highest common divisor of 40 and d.
10
Let b = 14 + -9. Suppose 0 = b*t - 3*t - 70. Calculate the highest common factor of t and 14.
7
Suppose 0 = 2*y - 44 - 60. Suppose 2*z - y = -0*z. Suppose 5*i - 305 = b + 18, 8 = 4*b. What is the highest common divisor of z and i?
13
Let w = -145 + 167. What is the greatest common divisor of w and 154?
22
Let j = 166 - 160. What is the highest common divisor of 42 and j?
6
Suppose -16 = -4*g + 2*g. Let u be (-217)/(-28) - (-2)/g. Calculate the highest common divisor of u and 12.
4
Suppose -3*k + 30 = -0*k. Let g(n) = -n**3 - 8*n**2 - n + 10. Let x be g(-9). Calculate the highest common divisor of k and x.
10
Let d = -166 + 205. What is the greatest common divisor of 351 and d?
39
Let c be 227/7 + (-3)/7. Suppose 2*a - j - 11 = 0, 0 = -5*a + 2*j + 1 + 29. Calculate the highest common factor of a and c.
8
Suppose -g + 1 = -2. Suppose 0*v = -g*v + 48. Calculate the greatest common divisor of 32 and v.
16
Let w be (-66)/4*100/(-75). Calculate the greatest common factor of w and 22.
22
Let n be 402/5 + (-4)/10. Suppose n = 4*y + 8. Let a be ((-2)/4)/(4/(-72)). What is the greatest common factor of y and a?
9
Suppose h - 20 = i + 4*i, -16 = -h + 3*i. Let f = h + -3. What is the highest common factor of 63 and f?
7
Let y be 18/(-8)*(-5 + 1). Calculate the greatest common factor of 27 and y.
9
Suppose -2*d + 5*m - 34 = -3*d, 0 = -d - 4*m + 29. Let y be ((-2)/(-3))/((-2)/(-54)). Calculate the greatest common factor of y and d.
9
Let g(n) = 2*n + 3. Let q be g(-6). Let y be (9/6)/(q/24). Let b(p) = 2*p**2 + 3*p - 5. Let z be b(y). What is the highest common divisor of 10 and z?
5
Suppose -2*a = -4*a + 14. Let i be -2*(-1)/((-2)/(-7)). Calculate the greatest common divisor of i and a.
7
Let n = 41 + -41. Suppose -2*x + 3*r + 33 = 0, 4*r + 29 = 2*x - x. Suppose n = -x*b + 4*b + 70. What is the highest common divisor of b and 28?
14
Let l be ((-72)/(-28))/(1/7). What is the greatest common divisor of 162 and l?
18
Let d(p) = p - 4. Let r be d(7). Suppose -2*z + 5 = 4*o - 19, -3*z + 5*o = -r. What is the greatest common divisor of z and 18?
6
Let w be -3*((-8)/2 + 3/1). Calculate the highest common factor of w and 21.
3
Let w be (6/9)/((-1)/3). Let o = -4 - w. Let u be (-6)/(27/(-12) - o). What is the highest common factor of 6 and u?
6
Suppose 0 = 3*m + 4*h - 8, 2*h + 4 = 4*m + 4*h. Let u be (1 + m)/(-1) + 3. Calculate the highest common factor of 14 and u.
2
Let p(s) = -s**2 + 10*s - 1. Let q be p(8). Let u(t) = -4*t - 9. Let a be u(-6). Calculate the greatest common divisor of a and q.
15
Let j be (-11)/(3*(-2)/6). Suppose -2*r + 5*n + 53 = r, 3*r - 37 = n. What is the highest common factor of r and j?
11
Let i = -52 + 91. Let j = -25 + i. What is the highest common factor of j and 154?
14
Suppose -3*r + 8*r = -460. Let w = 147 + r. Let u be 14/2 + (-2)/1. Calculate the highest common factor of u and w.
5
Let j = 69 + 176. Suppose -3*p + j = 2*p. Let h = -15 + 22. Calculate the highest common divisor of p and h.
7
Let n(q) = 25*q**2 + q. Let d be n(-1). Suppose -w + 2*w - d = 0. What is the highest common divisor of w and 12?
12
Let x(w) be the second derivative of -7*w**3/2 - 5*w**2/2 + 3*w. Let f be x(-5). What is the highest common factor of f and 40?
20
Let m = -32 - -63. What is the greatest common divisor of 341 and m?
31
Suppose -5 = -0*h - h, 5*h = 3*y - 95. What is the highest common factor of 20 and y?
20
Let x(a) = -73*a - 1. Let t = 2 + -3. Let h be x(t). Suppose 0 = k + y - 0*y - 5, 5*y + 2 = -2*k. Calculate the highest common divisor of h and k.
9
Suppose -11*r + 8*r = -15. Suppose p + 44 = r*p. What is the greatest common divisor of p and 22?
11
Suppose 2 = -2*j + 26. Calculate the greatest common factor of j and 84.
12
Let k(r) = r**3 + 9*r**2 + 11*r - 2. Let f be k(-7). Calculate the highest common divisor of f and 95.
19
Suppose 0*b - 2*b + 240 = 0. Calculate the greatest common factor of b and 15.
15
Let u be (-94)/(-8)*(-5 + 1). Let o = u - -68. What is the greatest common factor of 7 and o?
7
Suppose 3*x + 2*l = -0*l + 23, l + 27 = 4*x. Let u = -3 + x. Suppose -46 = -o - 2*t, o + 7*t - 56 = 3*t. What is the greatest common divisor of o and u?
4
Let y be 1/(-4) - (-25086)/24. Suppose -5*m + y = -0*m. Calculate the highest common factor of 19 and m.
19
Let t(d) = d**3 - 6*d**2 + 2*d + 1. Let b be t(2). Let y(w) = -w - 10. Let j be y(b). What is the greatest common factor of j and 3?
1
Let p be (144/27)/((-1)/3*-2). Calculate the highest common divisor of p and 16.
8
Let q = -2 - -4. Suppose 0 = -2*m + 2*s - 8, 0 = 4*s + 3 - 19. Suppose -b + 0 + q = m. Calculate the highest common divisor of 5 and b.
1
Let d = 14 - 0. Suppose -3*w + 10 = -d. What is the highest common divisor of w and 8?
8
Suppose 0 = -4*a + 32 + 48. Let l be (-1 + 2)/((-1)/(-5)). Calculate the greatest common divisor of a and l.
5
Let x be 3*5/(60/56). Suppose 3*d + 9 = -n + 4*n, 2*d + 2*n = -22. Let w = 7 - d. What is the highest common factor of x and w?
14
Let n be ((-72)/(-20))/((-3)/(-10)). Suppose -3*z + 0*z + n = 0. Suppose 2*p = 7 + 3, -2*f - 6 = -z*p. Calculate the greatest common factor of f and 77.
7
Let h be 5*6*2/(-10). Let r be 1*15/h*-2. Suppose b - r*o - 24 = 0, -3*b - 8 = 5*o - 0*o. What is the greatest common divisor of b and 32?
4
Suppose 18 + 126 = d. Suppose -2*q = 2*q - d. What is the highest common factor of 9 and q?
9
Let a be (-206)/(-13) + (-2)/(-13). Let i = a - -6. Calculate the greatest common factor of 154 and i.
22
Suppose -o - z + 5 = -5*o, o + 4*z + 14 = 0. Let u be 25 + 4 + o + 1. Suppose 3*v - u = 11. Calculate the highest common factor of 143 and v.
13
Let w be 4/(5/3 - 1). Let o(r) = -1. Let a(x) = 2*x + 2. Let t(b) = 2*a(b) + 12*o(b). Let k be t(w). What is the greatest common factor of 2 and k?
2
Suppose -4*d - 2 = j - 6*j, 2*j - 2*d = 0. Let p be (j/(-6))/((-1)/3). Let s(v) = 15*v + 1. Let k be s(p). What is the greatest common factor of 80 and k?
16
Suppose 0 = 3*r - 66 + 3. What is the greatest common divisor of 7 and r?
7
Let v = 17 - 10. Let y be (-1 - v)/((-10)/25). What is the greatest common factor of 60 and y?
20
Suppose -20 = -4*r - r. Let l(g) = g**3 - 5*g**2 - 3*g + 2. Let p be l(7). Suppose 141 = 5*d - p. What is the highest common factor of d and r?
4
Suppose 3*t - 6*t = -15. Suppose t*r + 3*m = 216, -4*m = -2*r + m + 74. Let u = -9 + 15. What is the highest common divisor of u and r?
6
Suppose -3*x + 29 = 3*n + 2, -4*n - 20 = 0. What is the greatest comm